431 (base 5) to base 3.
211021112
Convert -17626 (base 8) to base 2.
-1111110010110
-15660 (base 8) to base 7
-26444
What is -101000100 (base 2) in base 5?
-2244
What is -2323012 (base 4) in base 6?
-131234
Convert -278 (base 10) to base 16.
-116
What is -ba1 (base 12) in base 15?
-78a
Convert -219 (base 14) to base 9.
-511
What is 351 (base 7) in base 13?
111
What is 133001 (base 4) in base 8?
3701
What is 223 (base 8) in base 14?
a7
What is 1110011011 (base 2) in base 13?
560
Convert -212021020 (base 3) to base 6.
-210310
1207 (base 8) to base 9
788
Convert 1123 (base 5) to base 10.
163
What is -1334111 (base 5) in base 2?
-110101100001110
What is -3547 (base 12) in base 9?
-8151
Convert 4729 (base 10) to base 14.
1a1b
-34421 (base 10) to base 11
-23952
Convert 262 (base 15) to base 14.
2aa
What is -2031 (base 7) in base 12?
-4b0
76a (base 15) to base 6
11431
What is -10221112 (base 3) in base 13?
-1403
Convert 100333 (base 5) to base 13.
1607
What is -16626 (base 9) in base 4?
-2302311
What is -1378 (base 11) in base 6?
-12123
What is -11220122 (base 3) in base 6?
-24325
Convert 32510 (base 7) to base 6.
101405
-133420 (base 6) to base 5
-344333
Convert 100032 (base 4) to base 5.
13123
1525 (base 7) to base 6
2451
Convert -30410 (base 5) to base 4.
-132330
What is 1011232 (base 5) in base 16?
403a
Convert 7588 (base 9) to base 10.
5588
What is -68c8 (base 13) in base 12?
-860a
-3010 (base 6) to base 12
-466
-8d7 (base 14) to base 2
-11011011101
-111412 (base 5) to base 9
-5414
-130031 (base 6) to base 4
-2312203
Convert 280a (base 12) to base 7.
16315
-4c90 (base 16) to base 14
-7200
What is -c8c (base 14) in base 2?
-100110101100
What is -4310 (base 5) in base 10?
-580
What is 675 (base 10) in base 15?
300
What is -4269 (base 11) in base 7?
-22306
10302 (base 5) to base 15
31c
What is 32324 (base 6) in base 15?
14b4
Convert 4140 (base 12) to base 4.
1233000
-241 (base 6) to base 16
-61
Convert 10000001111 (base 2) to base 15.
494
416 (base 12) to base 3
211000
Convert -2ed6 (base 15) to base 3.
-111212010
Convert 2475 (base 10) to base 11.
1950
-2432 (base 7) to base 4
-32021
13041 (base 5) to base 3
1101211
10102100 (base 3) to base 9
3370
What is 20121 (base 4) in base 16?
219
-26637 (base 9) to base 7
-103345
What is -35c0 (base 13) in base 6?
-55052
Convert 107 (base 10) to base 6.
255
What is -6538 (base 11) in base 7?
-34111
14335 (base 6) to base 10
2291
What is -15000 (base 8) in base 13?
-3050
Convert -13b6 (base 14) to base 11.
-2695
Convert -10010122 (base 3) to base 10.
-2285
3012212 (base 4) to base 8
30646
11122 (base 7) to base 5
42214
What is -20040 (base 5) in base 14?
-66a
Convert 11001 (base 4) to base 12.
229
Convert 3416 (base 8) to base 15.
806
What is -437 (base 11) in base 15?
-24e
What is -110100101111 (base 2) in base 7?
-12561
Convert 814 (base 12) to base 2.
10010010000
What is -7444 (base 12) in base 6?
-134524
253 (base 7) to base 11
114
What is 12045 (base 6) in base 11?
1358
What is -3124 (base 6) in base 2?
-1010111100
What is -44b (base 13) in base 14?
-3ab
What is -285 (base 12) in base 15?
-1ae
Convert -113332 (base 6) to base 5.
-303343
Convert 1264a (base 16) to base 8.
223112
Convert 4015 (base 7) to base 2.
10101101000
What is 1520555 (base 6) in base 5?
10311333
Convert -52434 (base 7) to base 15.
-3c5c
-1110011010 (base 2) to base 12
-64a
What is -359 (base 12) in base 9?
-616
What is 573 (base 10) in base 4?
20331
Convert 15175 (base 9) to base 3.
112012112
380 (base 13) to base 6
2455
Convert -43a7 (base 14) to base 16.
-2dbf
156 (base 10) to base 4
2130
What is -2214043 (base 5) in base 10?
-38648
What is -2110212 (base 3) in base 10?
-1805
122012 (base 3) to base 8
720
What is 2112 (base 10) in base 12?
1280
-9d (base 15) to base 14
-a8
-3047 (base 13) to base 5
-203100
What is 8386 (base 12) in base 4?
3200112
-8288 (base 9) to base 3
-22022222
Convert -202211021 (base 3) to base 13.
-6baa
-12230333 (base 4) to base 3
-1101122212
What is -1530a (base 11) in base 10?
-21669
Convert 1202444 (base 6) to base 10.
62812
96b2 (base 12) to base 8
40246
What is -231012 (base 4) in base 15?
-cc6
-1222343 (base 6) to base 8
-177527
What is 1a9 (base 12) in base 11?
229
7351 (base 8) to base 10
3817
Convert -10362 (base 8) to base 10.
-4338
15104 (base 13) to base 15
bb7e
-13473 (base 13) to base 4
-20301102
What is -33017 (base 10) in base 2?
-1000000011111001
Convert -37a5 (base 12) to base 11.
-4823
What is 1054 (base 12) in base 10?
1792
Convert -1620 (base 7) to base 5.
-10101
What is 101011010101100 (base 2) in base 9?
33383
Convert 346 (base 15) to base 9.
1013
What is 203320 (base 4) in base 8?
4370
What is 1456 (base 11) in base 5?
30001
5302 (base 7) to base 11
1445
What is -14230 (base 5) in base 6?
-5302
-338 (base 12) to base 6
-2112
Convert 6423 (base 13) to base 9.
21040
Convert 2cd6 (base 15) to base 6.
112403
What is -465 (base 7) in base 3?
-100000
What is 451d (base 14) in base 12?
6b27
490 (base 14) to base 11
758
-a56 (base 11) to base 3
-1202002
1412 (base 8) to base 13
47b
2596 (base 12) to base 5
114130
What is -12df (base 16) in base 2?
-1001011011111
-a8a (base 11) to base 9
-1713
Convert -33100 (base 4) to base 5.
-12401
What is -b446 (base 13) in base 7?
-132412
What is -1722 (base 9) in base 6?
-10032
100101010001 (base 2) to base 10
2385
Convert d75 (base 15) to base 6.
22015
20250 (base 6) to base 13
12c3
What is -362 (base 9) in base 4?
-10223
What is -112 (base 16) in base 12?
-1aa
10001011001011 (base 2) to base 6
105123
What is -9139 (base 14) in base 10?
-24943
What is -456 (base 11) in base 2?
-1000100001
Convert 2ad9 (base 15) to base 13.
4260
Convert 845 (base 14) to base 15.
739
What is 6211 (base 11) in base 6?
102052
Convert 2031323 (base 4) to base 10.
9083
Convert -2272 (base 15) to base 13.
-3431
What is ac (base 16) in base 9?
211
Convert -187 (base 15) to base 16.
-160
11200 (base 8) to base 5
122421
What is -155 (base 10) in base 3?
-12202
48ba (base 12) to base 13
3973
-3085 (base 13) to base 3
-100012011
Convert -620 (base 15) to base 3.
-1220010
What is -6002 (base 10) in base 5?
-143002
20330 (base 4) to base 15
282
Convert -20001 (base 3) to base 15.
-ad
Convert -232 (base 8) to base 2.
-10011010
-3423 (base 14) to base 3
-110102002
Convert -dd6c (base 16) to base 6.
-1114232
231504 (base 6) to base 16
4d80
Convert -380 (base 11) to base 12.
-317
420 (base 15) to base 12
656
Convert 36c (base 13) to base 3.
211010
Convert 301432 (base 6) to base 3.
1012112002
100111100100111 (base 2) to base 13
92b9
What is 6d2 (base 14) in base 9?
1771
-1110212 (base 3) to base 7
-3065
1022 (base 13) to base 2
100010110001
What is 15 (base 8) in base 11?
12
-1101111000010 (base 2) to base 11
-5380
-57f9 (base 16) to base 3
-1010220010
What is 444416 (base 7) in base 6?
1403005
What is -1535 (base 11) in base 14?
-a10
Convert -50 (base 9) to base 7.
-63
What is -250 (base 13) in base 14?
-20b
What is 5939 (base 10) in base 4?
1130303
-32 (base 4) to base 3
-112
Convert 1150 (base 8) to base 14.
320
-446 (base 13) to base 11
-608
What is 2223 (base 7) in base 15?
386
Convert -2340 (base 6) to base 2.
-1000110100
Convert -501 (base 9) to base 3.
-120001
10110011110111 (base 2) to base 12
67b3
-15484 (base 9) to base 11
-7a72
Convert -13492 (base 10) to base 3.
-200111201
-1576 (base 11) to base 2
-11111100011
-1110020 (base 3) to base 6
-4523
-41 (base 6) to base 4
-121
What is 16a14 (base 11) in base 9?
35642
What is -17746 (base 10) in base 11?
-12373
What is -492 (base 10) in base 6?
-2140
-52267 (base 10) to base 6
-1041551
14151 (base 7) to base 13
19aa
What is 1641 (base 8) in base 15?
41e
Convert 101120 (base 4) to base 5.
13422
64502 (base 7) to base 6
202105
-3178 (base 9) to base 14
-bd1
Convert -8c8 (base 13) to base 4.
-113230
41660 (base 9) to base 11
19742
What is -69cb (base 16) in base 4?
-12213023
Convert -2132 (base 6) to base 2.
-111101000
Convert -25251 (base 8) to base 7.
-43561
-2133 (base 4) to base 7
-315
What is 100202 (base 3) in base 9?
322
What is -12210 (base 4) in base 7?
-1140
Convert 13 (base 16) to base 2.
10011
-1b54 (base 13) to base 8
-10035
9569 (base 10) to base 14
36b7
Convert -1a8 (base 14) to base 5.
-2334
13813 (base 12) to 